5) to base 11.
739037
Convert 5ac29 (base 13) to base 2.
101000101110110110
What is 620543 (base 8) in base 5?
23031110
What is -6c68ab (base 13) in base 4?
-21313021031
14431112 (base 5) to base 14
40789
14342232 (base 5) to base 10
152817
Convert -4aa6b92 (base 12) to base 7.
-235352156
1b45b4 (base 14) to base 11
604734
8710 (base 11) to base 16
2cf2
Convert -241240442 (base 5) to base 11.
-6a4179
What is -30313201100 (base 4) in base 3?
-20100101001222
207838 (base 9) to base 12
5b838
41312634 (base 8) to base 4
201121112130
980536 (base 15) to base 14
d66983
What is 1a07519 (base 12) in base 8?
24735045
Convert 61385 (base 10) to base 8.
167711
-11342042 (base 5) to base 12
-51349
Convert -1221112323 (base 4) to base 14.
-b33ab
Convert 163356344 (base 7) to base 8.
52335725
What is ae110 (base 15) in base 4?
2013030030
-12311240 (base 5) to base 9
-202015
What is 7604635 (base 8) in base 11?
116a261
Convert 1350523504 (base 6) to base 4.
333022213000
Convert 234102 (base 5) to base 10.
8652
Convert -105511352 (base 6) to base 10.
-1953428
Convert 1547547 (base 8) to base 2.
1101100111101100111
What is -11203132032 (base 4) in base 9?
-2658243
313470 (base 13) to base 15
17aa33
Convert 17bbd (base 15) to base 5.
4430103
What is 89074 (base 14) in base 3?
121212120222
Convert 316027 (base 8) to base 13.
39030
Convert -8a4954 (base 12) to base 5.
-1031100123
-42340104 (base 5) to base 13
-c5b60
3e94 (base 15) to base 7
54052
Convert -ecb3c (base 15) to base 8.
-2674246
Convert 32240031 (base 5) to base 3.
111221101122
Convert -3011021120 (base 4) to base 7.
-6602156
Convert 123a6a1 (base 11) to base 15.
2c783d
Convert 371661 (base 15) to base 12.
a72284
What is -234522 (base 7) in base 12?
-20696
What is -319a65 (base 16) in base 5?
-1313011124
What is 422523245 (base 6) in base 3?
111221122220202
-202002200122222 (base 3) to base 7
-156536153
What is 2111202101012 (base 3) in base 16?
145970
Convert 1011312010 (base 4) to base 14.
76388
1a99b (base 12) to base 13
14c42
Convert 340258 (base 9) to base 8.
615526
Convert -542177 (base 8) to base 2.
-101100010001111111
-2585050 (base 10) to base 6
-131223454
Convert -19fbec (base 16) to base 4.
-12133233230
Convert 1101221022 (base 4) to base 12.
141636
12212010102202 (base 3) to base 7
35312051
141407 (base 11) to base 9
366671
Convert -1603a3 (base 12) to base 14.
-9a323
Convert -1775784 (base 9) to base 12.
-3bb987
14179a (base 11) to base 14
5ac22
3569b8 (base 13) to base 4
10312123302
484781 (base 9) to base 16
47590
2546424 (base 9) to base 15
1c68b1
Convert -20574467 (base 8) to base 11.
-252871a
What is -172a006 (base 11) in base 8?
-13161114
Convert 22113033231 (base 4) to base 11.
1596075
-2a7434 (base 12) to base 11
-450278
Convert -10021046 (base 7) to base 12.
-33b702
Convert 1260500 (base 8) to base 11.
220994
-729292 (base 10) to base 7
-6125134
931503 (base 10) to base 3
1202022210010
What is -11001010100111110 (base 2) in base 14?
-29b42
-14723 (base 9) to base 2
-10011101010001
-3101442 (base 7) to base 6
-11534243
What is -1020350 (base 8) in base 12?
-1106b4
-10213130100 (base 4) to base 6
-41534240
Convert -34203314 (base 5) to base 2.
-1001010000111100000
Convert -110121202211 (base 3) to base 16.
-3ca66
11012211200 (base 3) to base 7
463644
Convert -52489 (base 10) to base 13.
-1ab78
-2007694 (base 10) to base 15
-299d14
-dd32 (base 14) to base 9
-57435
Convert 615335 (base 12) to base 11.
950151
11101111111100001 (base 2) to base 14
32aad
Convert -1eec4 (base 15) to base 10.
-101209
What is -1000321300 (base 4) in base 15?
-53b7a
Convert 2234443222 (base 5) to base 7.
60332466
What is 60732 (base 8) in base 5?
1300200
-6245662 (base 7) to base 12
-302851
What is -1000000010101000110011 (base 2) in base 12?
-857a6b
Convert 354351310 (base 6) to base 14.
c5357c
What is -19c385 (base 16) in base 2?
-110011100001110000101
Convert -d8c164 (base 14) to base 16.
-6fe19c
-11011012102210 (base 3) to base 5
-1031132314
Convert -1001112313 (base 4) to base 15.
-544bd
Convert 1022110012100 (base 3) to base 12.
297999
Convert 11112221121 (base 3) to base 8.
257035
What is 7378c6 (base 13) in base 14?
5047b5
Convert -13204452 (base 6) to base 15.
-894eb
What is 235207 (base 10) in base 5?
30011312
-2335156 (base 8) to base 15
-c8d85
What is -2434048 (base 9) in base 4?
-11002223321
Convert 6a57a (base 13) to base 10.
194282
652603 (base 9) to base 14
a1ad0
-2532604 (base 10) to base 9
-4680064
What is -2202211222 (base 3) in base 15?
-1127b
Convert -35645342 (base 7) to base 6.
-151545312
What is 1011402200 (base 5) in base 16?
1f6d9b
Convert -2913a (base 14) to base 13.
-3742c
-100202202102 (base 3) to base 2
-101110111100010110
Convert -5524401 (base 8) to base 4.
-11222210001
Convert -145c451 (base 13) to base 3.
-110012022111002
Convert -13223200 (base 4) to base 14.
-b66c
1111001011100010101 (base 2) to base 13
14554a
What is 56443266 (base 7) in base 2?
10010101100101011110000
5544242 (base 6) to base 12
115082
What is 87b156 (base 14) in base 4?
101203201220
Convert 9307187 (base 10) to base 6.
531252455
-16d11 (base 14) to base 8
-160143
Convert -31573 (base 10) to base 13.
-114a9
What is -1211320230 (base 4) in base 12?
-181610
What is d31d (base 14) in base 9?
54688
-2002120013 (base 4) to base 16
-82607
62645b (base 13) to base 10
2298814
Convert 2272553 (base 9) to base 11.
76a258
What is -537c6 (base 13) in base 10?
-150741
Convert 106308 (base 10) to base 2.
11001111101000100
What is -3822cc (base 15) in base 11?
-1578475
102101122200222 (base 3) to base 6
333443042
23202426 (base 7) to base 12
821499
Convert -445161 (base 9) to base 14.
-6d03b
Convert -76b79 (base 12) to base 8.
-463015
Convert 13102410 (base 8) to base 2.
1011001000010100001000
Convert 17f051 (base 16) to base 11.
981777
Convert 1010100110110001100000 (base 2) to base 6.
135331320
-130303022210 (base 4) to base 7
-121112336
What is 46371 (base 8) in base 16?
4cf9
What is -2056137 (base 9) in base 2?
-100001100100110010000
Convert -200000201112 (base 3) to base 12.
-151405
2897262 (base 11) to base 8
22760576
Convert 59456 (base 11) to base 5.
10220404
What is -5da43 (base 14) in base 15?
-48131
What is -fa78f (base 16) in base 15?
-153eaa
What is -122122011220 (base 3) in base 10?
-347136
-1110011111101001010111 (base 2) to base 15
-500c44
-32664 (base 7) to base 10
-8229
Convert -260401 (base 10) to base 7.
-2133121
Convert 2201002220011 (base 3) to base 5.
332021334
Convert -25454030 (base 6) to base 2.
-11001011000010000010
Convert -203334003 (base 5) to base 14.
-17c114
What is -455543423 (base 6) in base 13?
-197c92b
Convert -123078 (base 11) to base 15.
-3c90b
What is 10032235 (base 7) in base 11?
518840
Convert -101020121001121 (base 3) to base 16.
-531277
What is -343137 (base 14) in base 5?
-423304423
-236ab6 (base 12) to base 10
-571818
What is -2223653 (base 7) in base 13?
-98288
-cdbb4 (base 16) to base 9
-1523836
Convert 442626 (base 14) to base 2.
1000110100010111101010
Convert -a8d812 (base 15) to base 4.
-132223332122
What is -349ab6 (base 15) in base 7?
-30235521
What is -79857b (base 13) in base 2?
-1010111101110011111111
What is 864218 (base 9) in base 7?
4243013
10002212022221 (base 3) to base 15
229167
247e9 (base 15) to base 4
130131000
13401332 (base 5) to base 13
4a8b8
What is 681645 (base 10) in base 3?
1021122001010
50739 (base 13) to base 2
100011001010100100
Convert 12001200230 (base 4) to base 3.
2222020001102
What is -113110303 (base 5) in base 10?
-519453
5458c5 (base 16) to base 6
314251233
-102121212212 (base 3) to base 13
-801c8
Convert 1045a8 (base 16) to base 11.
669232
What is -23321202000 (base 4) in base 14?
-5b2a64
Convert -60662a (base 13) to base 11.
-12a1493
Convert 10100110011001100101 (base 2) to base 13.
1ab2c9
What is 112032313333 (base 4) in base 7?
100352350
-25254186 (base 9) to base 5
-11132031441
What is -1010100111000000100 (base 2) in base 9?
-578800
Convert 10010000110000111101 (base 2) to base 13.
179b81
21101211202 (base 3) to base 13
51407
Convert 121142554 (base 7) to base 4.
130310330311
Convert -541647 (base 8) to base 12.
-88a07
-443412242 (base 5) to base 8
-7303732
27042 (base 14) to base 13
34982
Convert 326c7c (base 15) to base 5.
1